{"id":112,"date":"2022-12-01T12:00:03","date_gmt":"2022-12-01T12:00:03","guid":{"rendered":"http:\/\/www.utn.edu.ec\/fecyt\/carreras\/cienciasexperimentales\/?page_id=112"},"modified":"2026-05-14T20:37:38","modified_gmt":"2026-05-14T20:37:38","slug":"docentes-investigadores-produccion-cientifica","status":"publish","type":"page","link":"https:\/\/cienciasexperimentales.utn.edu.ec\/index.php\/docentes-investigadores-produccion-cientifica\/","title":{"rendered":"Docentes Investigadores"},"content":{"rendered":"<p>Docente titular a tiempo completo con horas de investigaci\u00f3n, que representa al grupo ante las instancias institucionales y sociedad, responsable del funcionamiento y cumplimiento de la planificaci\u00f3n de actividades investigativas del grupo, quien debe:<\/p>\n<ol>\n<li>Haber ejecutado por lo menos dos proyectos de investigaci\u00f3n con una duraci\u00f3n de 12 meses, en el que en uno de ello debe haber sido director de proyecto.<\/li>\n<li>Haber publicado dos obras de relevancia correspondiente a propiedad intelectual con filiaci\u00f3n Universidad T\u00e9cnica del Norte, de los cuales se considerar\u00e1 que por lo menos una de ellas sea Scopus.<\/li>\n<li>Estar participando en un proyecto de investigaci\u00f3n en la Universidad T\u00e9cnica del Norte a la fecha de postulaci\u00f3n de la solicitud.<\/li>\n<\/ol>\n<p><strong><em>Reglamento de Investigaci\u00f3n de la Universidad T\u00e9cnica del Norte. Art\u00edculo 25.<\/em><\/strong><\/p>\n<p>&nbsp;<\/p>\n<table style=\"height: 800px;\" width=\"705\">\n<tbody>\n<tr>\n<td style=\"text-align: center;\">\n<h4><strong><span style=\"color: #d20a11;\">FOTO<\/span><\/strong><\/h4>\n<\/td>\n<td style=\"text-align: center;\">\n<h4><strong><span style=\"color: #d20a11;\">DOCENTE INVESTIGADOR<\/span><\/strong><\/h4>\n<\/td>\n<td style=\"text-align: center;\">\n<h4><strong><span style=\"color: #d20a11;\">C\u00d3DIGO ORCID<\/span><\/strong><\/h4>\n<\/td>\n<\/tr>\n<tr>\n<td><img loading=\"lazy\" decoding=\"async\" class=\"alignnone size-full wp-image-599\" src=\"https:\/\/cienciasexperimentales.utn.edu.ec\/wp-content\/uploads\/2023\/01\/Foto_Nevy-300x300.jpeg\" alt=\"\" width=\"100\" height=\"100\" \/><\/td>\n<td style=\"text-align: left;\">MSc. \u00c1lvarez Tinajero Nevy Mariela<\/td>\n<td style=\"text-align: left;\"><a href=\"https:\/\/orcid.org\/0000-0002-1220-2713\">https:\/\/orcid.org\/0000-0002-1220-2713<\/a><\/td>\n<\/tr>\n<tr>\n<td><img loading=\"lazy\" decoding=\"async\" class=\"alignnone size-full wp-image-599\" src=\"https:\/\/cienciasexperimentales.utn.edu.ec\/wp-content\/uploads\/2023\/01\/Gabriela-Arciniegas-227x300.jpeg\" alt=\"\" width=\"100\" height=\"100\" \/><\/td>\n<td style=\"text-align: left;\">MSc. Arciniegas Romero Mar\u00eda Gabriela<\/td>\n<td style=\"text-align: left;\"><a href=\"https:\/\/orcid.org\/0000-0002-9861-8524\">https:\/\/orcid.org\/0000-0002-9861-8524<\/a><\/td>\n<\/tr>\n<tr>\n<td><img loading=\"lazy\" decoding=\"async\" class=\"alignnone size-full wp-image-599\" src=\"https:\/\/cienciasexperimentales.utn.edu.ec\/wp-content\/uploads\/2023\/01\/Foto_Orlando.jpeg\" alt=\"\" width=\"100\" height=\"100\" \/><\/td>\n<td style=\"text-align: left;\">MSc. Ayala V\u00e1squez Orlando Rodrigo<\/td>\n<td style=\"text-align: left;\"><a href=\"https:\/\/orcid.org\/0000-0001-9784-5285\">https:\/\/orcid.org\/0000-0001-9784-5285<\/a><\/td>\n<\/tr>\n<tr>\n<td><img loading=\"lazy\" decoding=\"async\" class=\"alignnone size-full wp-image-599\" src=\"https:\/\/cienciasexperimentales.utn.edu.ec\/wp-content\/uploads\/2023\/01\/Marco-Hern\u00e1ndez-300x241.jpeg\" alt=\"\" width=\"100\" height=\"100\" \/><\/td>\n<td style=\"text-align: left;\">MSc. Hern\u00e1ndez Mart\u00ednez Marco Antonio<\/td>\n<td style=\"text-align: left;\"><a href=\"https:\/\/orcid.org\/0000-0002-1880-3712\">\u00a0https:\/\/orcid.org\/0000-0002-1880-3712<\/a><\/td>\n<\/tr>\n<tr>\n<td><img loading=\"lazy\" decoding=\"async\" class=\"alignnone size-full wp-image-599\" src=\"https:\/\/cienciasexperimentales.utn.edu.ec\/wp-content\/uploads\/2023\/01\/Miguel-Narv\u00e1ez-227x300.jpeg\" alt=\"\" width=\"96\" height=\"127\" \/><\/td>\n<td style=\"text-align: left;\">MSc. Narv\u00e1ez Pinango Miguel \u00c1ngel<\/td>\n<td style=\"text-align: left;\"><a href=\"https:\/\/orcid.org\/0000-0003-3234-4820\">https:\/\/orcid.org\/0000-0003-3234-4820<\/a><\/td>\n<\/tr>\n<tr>\n<td><img loading=\"lazy\" decoding=\"async\" class=\"wp-image-630 aligncenter\" src=\"https:\/\/cienciasexperimentales.utn.edu.ec\/wp-content\/uploads\/2023\/01\/Fernando-Placencia-300x300.jpeg\" alt=\"\" width=\"98\" height=\"98\" srcset=\"https:\/\/cienciasexperimentales.utn.edu.ec\/wp-content\/uploads\/2023\/01\/Fernando-Placencia-300x300.jpeg 300w, https:\/\/cienciasexperimentales.utn.edu.ec\/wp-content\/uploads\/2023\/01\/Fernando-Placencia-150x150.jpeg 150w, https:\/\/cienciasexperimentales.utn.edu.ec\/wp-content\/uploads\/2023\/01\/Fernando-Placencia-768x768.jpeg 768w, https:\/\/cienciasexperimentales.utn.edu.ec\/wp-content\/uploads\/2023\/01\/Fernando-Placencia-1024x1024.jpeg 1024w, https:\/\/cienciasexperimentales.utn.edu.ec\/wp-content\/uploads\/2023\/01\/Fernando-Placencia-270x270.jpeg 270w, https:\/\/cienciasexperimentales.utn.edu.ec\/wp-content\/uploads\/2023\/01\/Fernando-Placencia.jpeg 1280w\" sizes=\"auto, (max-width: 98px) 100vw, 98px\" \/><\/td>\n<td style=\"text-align: left;\">MSc. Placencia Enr\u00edquez Silvio Fernando<\/td>\n<td style=\"text-align: left;\"><a href=\"https:\/\/orcid.org\/0000-0001-8944-2072\">https:\/\/orcid.org\/0000-0001-8944-2072<\/a><\/td>\n<\/tr>\n<tr>\n<td><img loading=\"lazy\" decoding=\"async\" class=\"wp-image-643 aligncenter\" src=\"https:\/\/cienciasexperimentales.utn.edu.ec\/wp-content\/uploads\/2024\/10\/Diego-Pozo-1-245x300.jpeg\" alt=\"\" width=\"95\" height=\"117\" srcset=\"https:\/\/cienciasexperimentales.utn.edu.ec\/wp-content\/uploads\/2024\/10\/Diego-Pozo-1-245x300.jpeg 245w, https:\/\/cienciasexperimentales.utn.edu.ec\/wp-content\/uploads\/2024\/10\/Diego-Pozo-1-220x270.jpeg 220w, https:\/\/cienciasexperimentales.utn.edu.ec\/wp-content\/uploads\/2024\/10\/Diego-Pozo-1.jpeg 300w\" sizes=\"auto, (max-width: 95px) 100vw, 95px\" \/><\/td>\n<td style=\"text-align: left;\">MSc. Pozo Revelo Diego Alexander<\/td>\n<td style=\"text-align: left;\"><a href=\"https:\/\/orcid.org\/0000-0002-1735-9429\">https:\/\/orcid.org\/0000-0002-1735-9429<\/a><\/td>\n<\/tr>\n<\/tbody>\n<\/table>\n<p>&nbsp;<\/p>\n","protected":false},"excerpt":{"rendered":"<p>Docente titular a tiempo completo con horas de investigaci\u00f3n, que representa al grupo ante las instancias institucionales y sociedad, responsable del funcionamiento y cumplimiento de la planificaci\u00f3n de actividades investigativas del grupo, quien debe: Haber ejecutado por lo menos dos <a href=\"https:\/\/cienciasexperimentales.utn.edu.ec\/index.php\/docentes-investigadores-produccion-cientifica\/\" class=\"read-more\">Read More &#8230;<\/a><\/p>\n","protected":false},"author":1,"featured_media":0,"parent":0,"menu_order":0,"comment_status":"closed","ping_status":"closed","template":"","meta":{"footnotes":""},"class_list":["post-112","page","type-page","status-publish","hentry"],"_links":{"self":[{"href":"https:\/\/cienciasexperimentales.utn.edu.ec\/index.php\/wp-json\/wp\/v2\/pages\/112","targetHints":{"allow":["GET"]}}],"collection":[{"href":"https:\/\/cienciasexperimentales.utn.edu.ec\/index.php\/wp-json\/wp\/v2\/pages"}],"about":[{"href":"https:\/\/cienciasexperimentales.utn.edu.ec\/index.php\/wp-json\/wp\/v2\/types\/page"}],"author":[{"embeddable":true,"href":"https:\/\/cienciasexperimentales.utn.edu.ec\/index.php\/wp-json\/wp\/v2\/users\/1"}],"replies":[{"embeddable":true,"href":"https:\/\/cienciasexperimentales.utn.edu.ec\/index.php\/wp-json\/wp\/v2\/comments?post=112"}],"version-history":[{"count":43,"href":"https:\/\/cienciasexperimentales.utn.edu.ec\/index.php\/wp-json\/wp\/v2\/pages\/112\/revisions"}],"predecessor-version":[{"id":876,"href":"https:\/\/cienciasexperimentales.utn.edu.ec\/index.php\/wp-json\/wp\/v2\/pages\/112\/revisions\/876"}],"wp:attachment":[{"href":"https:\/\/cienciasexperimentales.utn.edu.ec\/index.php\/wp-json\/wp\/v2\/media?parent=112"}],"curies":[{"name":"wp","href":"https:\/\/api.w.org\/{rel}","templated":true}]}}