{"id":285,"date":"2019-01-16T21:06:09","date_gmt":"2019-01-16T21:06:09","guid":{"rendered":"https:\/\/www.utn.edu.ec\/fecyt\/carreras\/cienciasexperimentales\/?page_id=285"},"modified":"2024-10-22T04:35:49","modified_gmt":"2024-10-22T04:35:49","slug":"docentes-titulares","status":"publish","type":"page","link":"https:\/\/cienciasexperimentales.utn.edu.ec\/index.php\/docentes-titulares\/","title":{"rendered":"Docentes"},"content":{"rendered":"<h3 style=\"text-align: center;\"><strong><span style=\"color: #d20a11;\">DOCENTES CARRERA DE PEDAGOG\u00cdA DE LAS CIENCIAS EXPERIMENTALES<\/span><\/strong><\/h3>\n<p>&nbsp;<\/p>\n<table style=\"height: 130px;\" width=\"843\">\n<tbody>\n<tr>\n<td style=\"text-align: center;\" width=\"150\"><strong><span style=\"color: #d20a11;\">Foto<\/span><\/strong><\/td>\n<td style=\"width: 100px; text-align: center;\" width=\"150\"><strong><span style=\"color: #d20a11;\">Apellidos y Nombres<\/strong><\/td>\n<td width=\"202\"><strong><span style=\"color: #d20a11;\">T\u00edtulo de Tercer Nivel<\/strong><\/td>\n<td width=\"202\"><strong><span style=\"color: #d20a11;\">T\u00edtulo de Cuarto Nivel<\/strong><\/td>\n<td width=\"202\"><strong><span style=\"color: #d20a11;\">Relaci\u00f3n Laboral<\/strong><\/td>\n<\/tr>\n<tr>\n<td width=\"150\"><img loading=\"lazy\" decoding=\"async\" class=\"size-full wp-image-605 alignnone\" src=\"https:\/\/cienciasexperimentales.utn.edu.ec\/wp-content\/uploads\/2023\/01\/Foto_Nevy.jpeg\" alt=\"\" width=\"133\" height=\"133\" srcset=\"https:\/\/cienciasexperimentales.utn.edu.ec\/wp-content\/uploads\/2023\/01\/Foto_Nevy.jpeg 1599w, https:\/\/cienciasexperimentales.utn.edu.ec\/wp-content\/uploads\/2023\/01\/Foto_Nevy-150x150.jpeg 150w, https:\/\/cienciasexperimentales.utn.edu.ec\/wp-content\/uploads\/2023\/01\/Foto_Nevy-300x300.jpeg 300w, https:\/\/cienciasexperimentales.utn.edu.ec\/wp-content\/uploads\/2023\/01\/Foto_Nevy-768x768.jpeg 768w, https:\/\/cienciasexperimentales.utn.edu.ec\/wp-content\/uploads\/2023\/01\/Foto_Nevy-1024x1024.jpeg 1024w, https:\/\/cienciasexperimentales.utn.edu.ec\/wp-content\/uploads\/2023\/01\/Foto_Nevy-270x270.jpeg 270w\" sizes=\"auto, (max-width: 133px) 100vw, 133px\" \/><\/td>\n<td style=\"width: 100px; text-align: left;\" width=\"150\"><strong>\u00c1lvarez Tinajero Nevy Mariela<\/strong><\/td>\n<td style=\"text-align: left;\" width=\"180\">\n<ul>\n<li>Licenciatura en Ciencias de la Educaci\u00f3n especializaci\u00f3n F\u00edsica y Matem\u00e1tica.<\/li>\n<\/ul>\n<\/td>\n<td width=\"180\">\n<ul>\n<li style=\"text-align: left;\">M\u00e1ster Universitario en Did\u00e1ctica de las Matem\u00e1ticas en Educaci\u00f3n Secundaria y Bachillerato.<\/li>\n<\/ul>\n<\/td>\n<td width=\"180\">\n<p style=\"text-align: left;\">Docente Ocasional<\/p>\n<\/td>\n<\/tr>\n<tr>\n<td width=\"150\">\u00a0<img loading=\"lazy\" decoding=\"async\" class=\"size-full wp-image-628 aligncenter\" src=\"https:\/\/cienciasexperimentales.utn.edu.ec\/wp-content\/uploads\/2023\/01\/Gabriela-Arciniegas.jpeg\" alt=\"\" width=\"133\" height=\"133\" \/><\/td>\n<td style=\"width: 100px; text-align: left;\" width=\"150\"><strong>Arciniegas Romero Mar\u00eda Gabriela<\/strong><\/td>\n<td style=\"text-align: left;\" width=\"150\">\n<ul>\n<li>Licenciatura en Lenguas aplicadas a Negocios e intercambios Internacionales<\/li>\n<\/ul>\n<\/td>\n<td width=\"202\">\n<ul>\n<li style=\"text-align: left;\">Magister en Administraci\u00f3n de Empresas<\/li>\n<\/ul>\n<\/td>\n<td width=\"180\">\n<p style=\"text-align: left;\">Docente Ocasional<\/p>\n<\/td>\n<\/tr>\n<tr>\n<td><img loading=\"lazy\" decoding=\"async\" class=\"wp-image-608 alignnone\" src=\"https:\/\/cienciasexperimentales.utn.edu.ec\/wp-content\/uploads\/2023\/01\/Foto_Orlando.jpeg\" alt=\"\" width=\"133\" height=\"133\" srcset=\"https:\/\/cienciasexperimentales.utn.edu.ec\/wp-content\/uploads\/2023\/01\/Foto_Orlando.jpeg 1227w, https:\/\/cienciasexperimentales.utn.edu.ec\/wp-content\/uploads\/2023\/01\/Foto_Orlando-150x150.jpeg 150w, https:\/\/cienciasexperimentales.utn.edu.ec\/wp-content\/uploads\/2023\/01\/Foto_Orlando-300x300.jpeg 300w, https:\/\/cienciasexperimentales.utn.edu.ec\/wp-content\/uploads\/2023\/01\/Foto_Orlando-768x768.jpeg 768w, https:\/\/cienciasexperimentales.utn.edu.ec\/wp-content\/uploads\/2023\/01\/Foto_Orlando-1024x1024.jpeg 1024w, https:\/\/cienciasexperimentales.utn.edu.ec\/wp-content\/uploads\/2023\/01\/Foto_Orlando-270x270.jpeg 270w\" sizes=\"auto, (max-width: 133px) 100vw, 133px\" \/><\/td>\n<td style=\"width: 100px; text-align: left;\" width=\"150\"><strong>Ayala V\u00e1squez Orlando Rodrigo<\/strong><\/td>\n<td style=\"text-align: left;\" width=\"180\">\n<ul>\n<li>Licenciatura en Ciencias de la Educaci\u00f3n especializaci\u00f3n F\u00edsica y Matem\u00e1tica.<\/li>\n<\/ul>\n<\/td>\n<td width=\"180\">\n<ul>\n<li style=\"text-align: left;\">Magister en Educaci\u00f3n.<\/li>\n<li style=\"text-align: left;\">Especialista en Curr\u00edculo y Did\u00e1ctica.<\/li>\n<li style=\"text-align: left;\">Diploma Superior en Investigaci\u00f3n Socioeducativa.<\/li>\n<\/ul>\n<\/td>\n<td style=\"text-align: left;\" width=\"180\">Docente Titular<\/td>\n<\/tr>\n<tr>\n<td>\u00a0<img loading=\"lazy\" decoding=\"async\" class=\"aligncenter wp-image-625\" src=\"https:\/\/cienciasexperimentales.utn.edu.ec\/wp-content\/uploads\/2023\/01\/Marco-Hern\u00e1ndez.jpeg\" alt=\"\" width=\"224\" height=\"180\" srcset=\"https:\/\/cienciasexperimentales.utn.edu.ec\/wp-content\/uploads\/2023\/01\/Marco-Hern\u00e1ndez.jpeg 905w, https:\/\/cienciasexperimentales.utn.edu.ec\/wp-content\/uploads\/2023\/01\/Marco-Hern\u00e1ndez-300x241.jpeg 300w, https:\/\/cienciasexperimentales.utn.edu.ec\/wp-content\/uploads\/2023\/01\/Marco-Hern\u00e1ndez-768x618.jpeg 768w, https:\/\/cienciasexperimentales.utn.edu.ec\/wp-content\/uploads\/2023\/01\/Marco-Hern\u00e1ndez-336x270.jpeg 336w\" sizes=\"auto, (max-width: 224px) 100vw, 224px\" \/><\/td>\n<td style=\"text-align: left;\" width=\"202\"><strong>Hern\u00e1ndez Mart\u00ednez Marco Antonio<\/strong><\/td>\n<td style=\"text-align: left;\" width=\"202\">\n<ul>\n<li>Licenciatura en Ciencias de la Educaci\u00f3n menci\u00f3n F\u00edsico Matem\u00e1ticas<\/li>\n<\/ul>\n<\/td>\n<td width=\"202\">\n<ul>\n<li style=\"text-align: left;\">M\u00e1ster Universitario en Did\u00e1ctica de las Matem\u00e1ticas en Educaci\u00f3n Secundaria y Bachillerato.<\/li>\n<\/ul>\n<\/td>\n<td width=\"180\">\n<p style=\"text-align: left;\">Docente Ocasional<\/p>\n<\/td>\n<\/tr>\n<tr>\n<td>\u00a0<img loading=\"lazy\" decoding=\"async\" class=\"size-full wp-image-632 aligncenter\" src=\"https:\/\/cienciasexperimentales.utn.edu.ec\/wp-content\/uploads\/2023\/01\/Miguel-Narv\u00e1ez.jpeg\" alt=\"\" width=\"133\" height=\"133\" \/><\/td>\n<td style=\"text-align: left;\" width=\"150\"><strong>Narv\u00e1ez Pinango Miguel \u00c1ngel<\/strong><\/td>\n<td style=\"text-align: left;\" width=\"202\">\n<ul>\n<li>Licenciatura en Ciencias de la Educaci\u00f3n especializaci\u00f3n F\u00edsica y Matem\u00e1ticas<\/li>\n<\/ul>\n<\/td>\n<td width=\"202\">\n<ul>\n<li style=\"text-align: left;\">M\u00e1ster Universitario en Formaci\u00f3n del Profesorado de Educaci\u00f3n Secundaria en Ecuador Especialidad Matem\u00e1tica.<\/li>\n<\/ul>\n<\/td>\n<td width=\"180\">\n<p style=\"text-align: left;\">Docente Ocasional<\/p>\n<\/td>\n<\/tr>\n<tr>\n<td>\u00a0<img loading=\"lazy\" decoding=\"async\" class=\"size-full wp-image-630 aligncenter\" src=\"https:\/\/cienciasexperimentales.utn.edu.ec\/wp-content\/uploads\/2023\/01\/Fernando-Placencia.jpeg\" alt=\"\" width=\"133\" height=\"133\" srcset=\"https:\/\/cienciasexperimentales.utn.edu.ec\/wp-content\/uploads\/2023\/01\/Fernando-Placencia.jpeg 1280w, https:\/\/cienciasexperimentales.utn.edu.ec\/wp-content\/uploads\/2023\/01\/Fernando-Placencia-150x150.jpeg 150w, https:\/\/cienciasexperimentales.utn.edu.ec\/wp-content\/uploads\/2023\/01\/Fernando-Placencia-300x300.jpeg 300w, https:\/\/cienciasexperimentales.utn.edu.ec\/wp-content\/uploads\/2023\/01\/Fernando-Placencia-768x768.jpeg 768w, https:\/\/cienciasexperimentales.utn.edu.ec\/wp-content\/uploads\/2023\/01\/Fernando-Placencia-1024x1024.jpeg 1024w, https:\/\/cienciasexperimentales.utn.edu.ec\/wp-content\/uploads\/2023\/01\/Fernando-Placencia-270x270.jpeg 270w\" sizes=\"auto, (max-width: 133px) 100vw, 133px\" \/><\/td>\n<td style=\"text-align: left;\" width=\"133\"><strong>Placencia Enr\u00edquez Silvio Fernando<\/strong><\/td>\n<td style=\"text-align: left;\" width=\"133\">\n<ul>\n<li>Licenciatura en Ciencias de la Educaci\u00f3n especializaci\u00f3n F\u00edsica y Matem\u00e1tica.<\/li>\n<\/ul>\n<\/td>\n<td width=\"150\">\n<ul>\n<li style=\"text-align: left;\">M\u00e1ster Universitario en Formaci\u00f3n del Profesorado de Educaci\u00f3n Secundaria en Ecuador Especialidad Matem\u00e1tica.<\/li>\n<\/ul>\n<\/td>\n<td width=\"180\">\n<p style=\"text-align: left;\">Docente Ocasional<\/p>\n<\/td>\n<\/tr>\n<tr>\n<td>\u00a0<img loading=\"lazy\" decoding=\"async\" class=\"alignnone size-medium wp-image-643\" src=\"https:\/\/cienciasexperimentales.utn.edu.ec\/wp-content\/uploads\/2024\/10\/Diego-Pozo-1-245x300.jpeg\" alt=\"\" width=\"245\" height=\"300\" srcset=\"https:\/\/cienciasexperimentales.utn.edu.ec\/wp-content\/uploads\/2024\/10\/Diego-Pozo-1-245x300.jpeg 245w, https:\/\/cienciasexperimentales.utn.edu.ec\/wp-content\/uploads\/2024\/10\/Diego-Pozo-1-220x270.jpeg 220w, https:\/\/cienciasexperimentales.utn.edu.ec\/wp-content\/uploads\/2024\/10\/Diego-Pozo-1.jpeg 300w\" sizes=\"auto, (max-width: 245px) 100vw, 245px\" \/><\/td>\n<td style=\"text-align: left;\" width=\"133\"><strong>Pozo Revelo Diego Alexander<\/strong><\/td>\n<td style=\"text-align: left;\" width=\"133\">\n<ul>\n<li>Licenciatura en Ciencias de la Educaci\u00f3n especializaci\u00f3n F\u00edsica y Matem\u00e1tica.<\/li>\n<\/ul>\n<\/td>\n<td width=\"150\">\n<ul>\n<li style=\"text-align: left;\">Master Universitario en Tecnolog\u00eda Educativa y Competencias Digitales<\/li>\n<\/ul>\n<\/td>\n<td width=\"180\">\n<p style=\"text-align: left;\">Docente Ocasional<\/p>\n<\/td>\n<\/tr>\n<tr>\n<td><img loading=\"lazy\" decoding=\"async\" class=\"size-full wp-image-636 aligncenter\" src=\"https:\/\/cienciasexperimentales.utn.edu.ec\/wp-content\/uploads\/2023\/01\/Miguel-Posso.jpg\" alt=\"\" width=\"133\" height=\"133\" \/><\/td>\n<td style=\"text-align: left;\" width=\"150\"><strong>Posso Y\u00e9pez Miguel \u00c1ngel<\/strong><\/td>\n<td style=\"width: 150px; text-align: left;\" width=\"202\">\n<ul>\n<li>Licenciatura en Matem\u00e1ticas<\/li>\n<\/ul>\n<\/td>\n<td width=\"202\">\n<ul>\n<li style=\"text-align: left;\">Magister en Educaci\u00f3n.<\/li>\n<li style=\"text-align: left;\">Mag\u00edster en Desarrollo de la Inteligencia y Educaci\u00f3n<\/li>\n<li style=\"text-align: left;\">Mag\u00edster en Docencia Superior<\/li>\n<li style=\"text-align: left;\">PhD en Turismo, Interculturalidad y Sostenibilidad<\/li>\n<\/ul>\n<\/td>\n<td style=\"text-align: left;\" width=\"180\">Docente Titular<\/td>\n<\/tr>\n<tr>\n<td><img loading=\"lazy\" decoding=\"async\" class=\"wp-image-599 aligncenter\" src=\"https:\/\/cienciasexperimentales.utn.edu.ec\/wp-content\/uploads\/2023\/01\/Foto_Jaime.jpeg\" alt=\"\" width=\"101\" height=\"120\" srcset=\"https:\/\/cienciasexperimentales.utn.edu.ec\/wp-content\/uploads\/2023\/01\/Foto_Jaime.jpeg 1350w, https:\/\/cienciasexperimentales.utn.edu.ec\/wp-content\/uploads\/2023\/01\/Foto_Jaime-253x300.jpeg 253w, https:\/\/cienciasexperimentales.utn.edu.ec\/wp-content\/uploads\/2023\/01\/Foto_Jaime-768x910.jpeg 768w, https:\/\/cienciasexperimentales.utn.edu.ec\/wp-content\/uploads\/2023\/01\/Foto_Jaime-864x1024.jpeg 864w, https:\/\/cienciasexperimentales.utn.edu.ec\/wp-content\/uploads\/2023\/01\/Foto_Jaime-228x270.jpeg 228w\" sizes=\"auto, (max-width: 101px) 100vw, 101px\" \/><\/td>\n<td style=\"text-align: left;\" width=\"150\"><strong>Rivadeneira Flores Jaime Oswaldo<\/strong><\/td>\n<td style=\"text-align: left;\" width=\"202\">\n<ul>\n<li>Ingeniero en Sistemas Computacionales.<\/li>\n<\/ul>\n<\/td>\n<td width=\"202\">\n<ul>\n<li style=\"text-align: left;\">Magister en Ingenier\u00eda de Software.<\/li>\n<\/ul>\n<\/td>\n<td width=\"180\">\n<p style=\"text-align: left;\">Docente Ocasional<\/p>\n<\/td>\n<\/tr>\n<\/tbody>\n<\/table>\n<p>&nbsp;<\/p>\n","protected":false},"excerpt":{"rendered":"<p>DOCENTES CARRERA DE PEDAGOG\u00cdA DE LAS CIENCIAS EXPERIMENTALES &nbsp; Foto Apellidos y Nombres T\u00edtulo de Tercer Nivel T\u00edtulo de Cuarto Nivel Relaci\u00f3n Laboral \u00c1lvarez Tinajero Nevy Mariela Licenciatura en Ciencias de la Educaci\u00f3n especializaci\u00f3n F\u00edsica y Matem\u00e1tica. M\u00e1ster Universitario en <a href=\"https:\/\/cienciasexperimentales.utn.edu.ec\/index.php\/docentes-titulares\/\" class=\"read-more\">Read More &#8230;<\/a><\/p>\n","protected":false},"author":2,"featured_media":0,"parent":0,"menu_order":1,"comment_status":"closed","ping_status":"closed","template":"","meta":{"footnotes":""},"class_list":["post-285","page","type-page","status-publish","hentry"],"_links":{"self":[{"href":"https:\/\/cienciasexperimentales.utn.edu.ec\/index.php\/wp-json\/wp\/v2\/pages\/285","targetHints":{"allow":["GET"]}}],"collection":[{"href":"https:\/\/cienciasexperimentales.utn.edu.ec\/index.php\/wp-json\/wp\/v2\/pages"}],"about":[{"href":"https:\/\/cienciasexperimentales.utn.edu.ec\/index.php\/wp-json\/wp\/v2\/types\/page"}],"author":[{"embeddable":true,"href":"https:\/\/cienciasexperimentales.utn.edu.ec\/index.php\/wp-json\/wp\/v2\/users\/2"}],"replies":[{"embeddable":true,"href":"https:\/\/cienciasexperimentales.utn.edu.ec\/index.php\/wp-json\/wp\/v2\/comments?post=285"}],"version-history":[{"count":45,"href":"https:\/\/cienciasexperimentales.utn.edu.ec\/index.php\/wp-json\/wp\/v2\/pages\/285\/revisions"}],"predecessor-version":[{"id":680,"href":"https:\/\/cienciasexperimentales.utn.edu.ec\/index.php\/wp-json\/wp\/v2\/pages\/285\/revisions\/680"}],"wp:attachment":[{"href":"https:\/\/cienciasexperimentales.utn.edu.ec\/index.php\/wp-json\/wp\/v2\/media?parent=285"}],"curies":[{"name":"wp","href":"https:\/\/api.w.org\/{rel}","templated":true}]}}