{"id":328,"date":"2019-02-12T01:39:21","date_gmt":"2019-02-12T01:39:21","guid":{"rendered":"https:\/\/www.utn.edu.ec\/fecyt\/carreras\/cienciasexperimentales\/?page_id=328"},"modified":"2024-10-22T05:08:02","modified_gmt":"2024-10-22T05:08:02","slug":"docentes-en-vinculacion-carrera-de-pedagogia-de-las-ciencias-experimentales","status":"publish","type":"page","link":"https:\/\/cienciasexperimentales.utn.edu.ec\/index.php\/vinculacion\/docentes-en-vinculacion-carrera-de-pedagogia-de-las-ciencias-experimentales\/","title":{"rendered":"Docentes en Vinculaci\u00f3n"},"content":{"rendered":"<blockquote><p>&nbsp;<\/p>\n<table>\n<tbody>\n<tr>\n<td><strong><span style=\"color: #d20a11;\">Docente Responsable<\/strong><\/td>\n<td><b><span style=\"color: #d20a11;\">Proyecto<\/b><\/td>\n<td><b><span style=\"color: #d20a11;\">Lugar<\/b><\/td>\n<td><b><span style=\"color: #d20a11;\">Impacto<\/b><\/td>\n<\/tr>\n<tr>\n<td style=\"text-align: Left;\">\u00a0MSc. \u00c1lvarez Tinajero Nevy Mariela<\/td>\n<td style=\"text-align: Left;\">FORTALECIMIENTO ACAD\u00c9MICO A LAS ASIGNATURAS DE F\u00cdSICA Y MATEM\u00c1TICA EN LA EDUCACI\u00d3N B\u00c1SICA SUPERIOR Y<br \/>\nBACHILLERATO<\/td>\n<td style=\"text-align: center;\">Zona 1 del Ecuador<\/td>\n<td style=\"text-align: left;\">\n<ul>\n<li>El impacto que se genera con la aplicaci\u00f3n del proyecto de pr\u00e1cticas de servicio comunitario es de car\u00e1cter social y educativo ya que se brindar\u00e1 refuerzo acad\u00e9mico en las \u00e1reas de f\u00edsica y matem\u00e1tica en los sectores m\u00e1s vulnerables de la provincia de Imbabura para contribuir con la erradicaci\u00f3n de la desigualdad de oportunidades a trav\u00e9s de la educaci\u00f3n y con ello mejorar la calidad de vida de los habitantes beneficiarios.<\/li>\n<li><span style=\"font-family: inherit; font-size: inherit;\">Los principales beneficiarios son los estudiantes de las unidades educativas que presentan convenio con la Universidad T\u00e9cnica del Norte, quienes optimizar\u00e1n sus conocimientos en las ciencias exactas, as\u00ed como, desarrollar\u00e1n su capacidad creativa y reflexiva su proceso de aprendizaje.<\/span><\/li>\n<li>Los beneficiarios secundarios son los familiares de los estudiantes y la comunidad en general, ya que podr\u00e1n palpar el desarrollo educativo de los j\u00f3venes, que a futuro conllevar\u00e1 a la optimizaci\u00f3n del desarrollo comunitario.<\/li>\n<\/ul>\n<\/td>\n<\/tr>\n<\/tbody>\n<\/table>\n<p>&nbsp;<\/p><\/blockquote>\n","protected":false},"excerpt":{"rendered":"<p>&nbsp; Docente Responsable Proyecto Lugar Impacto \u00a0MSc. \u00c1lvarez Tinajero Nevy Mariela FORTALECIMIENTO ACAD\u00c9MICO A LAS ASIGNATURAS DE F\u00cdSICA Y MATEM\u00c1TICA EN LA EDUCACI\u00d3N B\u00c1SICA SUPERIOR Y BACHILLERATO Zona 1 del Ecuador El impacto que se genera con la aplicaci\u00f3n del <a href=\"https:\/\/cienciasexperimentales.utn.edu.ec\/index.php\/vinculacion\/docentes-en-vinculacion-carrera-de-pedagogia-de-las-ciencias-experimentales\/\" class=\"read-more\">Read More &#8230;<\/a><\/p>\n","protected":false},"author":2,"featured_media":0,"parent":23,"menu_order":0,"comment_status":"closed","ping_status":"closed","template":"","meta":{"footnotes":""},"class_list":["post-328","page","type-page","status-publish","hentry"],"_links":{"self":[{"href":"https:\/\/cienciasexperimentales.utn.edu.ec\/index.php\/wp-json\/wp\/v2\/pages\/328","targetHints":{"allow":["GET"]}}],"collection":[{"href":"https:\/\/cienciasexperimentales.utn.edu.ec\/index.php\/wp-json\/wp\/v2\/pages"}],"about":[{"href":"https:\/\/cienciasexperimentales.utn.edu.ec\/index.php\/wp-json\/wp\/v2\/types\/page"}],"author":[{"embeddable":true,"href":"https:\/\/cienciasexperimentales.utn.edu.ec\/index.php\/wp-json\/wp\/v2\/users\/2"}],"replies":[{"embeddable":true,"href":"https:\/\/cienciasexperimentales.utn.edu.ec\/index.php\/wp-json\/wp\/v2\/comments?post=328"}],"version-history":[{"count":19,"href":"https:\/\/cienciasexperimentales.utn.edu.ec\/index.php\/wp-json\/wp\/v2\/pages\/328\/revisions"}],"predecessor-version":[{"id":686,"href":"https:\/\/cienciasexperimentales.utn.edu.ec\/index.php\/wp-json\/wp\/v2\/pages\/328\/revisions\/686"}],"up":[{"embeddable":true,"href":"https:\/\/cienciasexperimentales.utn.edu.ec\/index.php\/wp-json\/wp\/v2\/pages\/23"}],"wp:attachment":[{"href":"https:\/\/cienciasexperimentales.utn.edu.ec\/index.php\/wp-json\/wp\/v2\/media?parent=328"}],"curies":[{"name":"wp","href":"https:\/\/api.w.org\/{rel}","templated":true}]}}